et a be g(-2). Suppose 0 = -a*u + 1762 + 359. List the prime factors of u.
3, 101
Suppose -33 = -5*r + 3*b + 5788, -2*b = 5*r - 5811. Let a = r - 502. What are the prime factors of a?
661
Let o = -95 - -96. Suppose -2*x + 3 + o = -4*y, -18 = -4*x - 2*y. Suppose 0 = -2*w + x*d + 70, -3*d - d - 37 = -w. List the prime factors of w.
3, 11
Let f(g) = -4*g**2 + 11*g - 77. Let w be f(-18). Let n = w - -2228. What are the prime factors of n?
3, 73
List the prime factors of 187554/(-4)*(-1)/3 + (-1467)/(-2934).
2, 3, 5, 521
Let v = -2554 - -13218. List the prime factors of v.
2, 31, 43
Suppose -414*r + 408*r + 144 = 0. What are the prime factors of r/30*5650/4?
2, 5, 113
Suppose 233*s - 259*s + 161980 = 0. What are the prime factors of s?
2, 5, 7, 89
Let r(z) = z - 55. Let y be r(-15). Let o = y - -208. List the prime factors of o.
2, 3, 23
Suppose 27*u = -24*u + 11*u + 798480. List the prime factors of u.
2, 3, 1109
Let k = 1028 - 1020. Let o(v) = -3 + 8*v**2 + 3*v**2 - v**3 - 15 + v + 0*v**2. List the prime factors of o(k).
2, 7, 13
Let u be ((-52657)/11)/(0 - 1). Suppose -6*n + 4603 + u = 0. What are the prime factors of n?
5, 313
Let h = 18572 + -10920. List the prime factors of h.
2, 1913
Let d be (-1)/(1/(-283)) - (-31 - -32). Suppose 2*u - 2*m - m = d, 524 = 4*u + 4*m. What are the prime factors of u?
3, 5
Let j(c) = c**3 - 10*c**2 + 7*c + 18. Let h be j(9). Suppose m - 130 + 402 = h. Let i = m + 471. What are the prime factors of i?
199
Let s = 5007 - 515. List the prime factors of s.
2, 1123
Let u(v) = -29*v**2 - 14*v + 57. Let j(q) = -14*q**2 - 7*q + 28. Let r(g) = 5*j(g) - 3*u(g). What are the prime factors of r(5)?
3, 11, 13
Let m(b) = b + 7. Let u = -60 + 55. Let a be m(u). Suppose -2*h + 2*p = -4, -a*p - 13 = -15*h + 10*h. List the prime factors of h.
3
Let d = -46 - -110. Let y be (-24)/d + (1 - (-5)/(-8)). Suppose 3*a + 2*x = 368, 0*a + 5*a - 5*x - 655 = y. What are the prime factors of a?
2, 3, 7
Let t be 10 + 7/((-7)/5). Suppose 19*u - 17*u = -t*z + 765, 755 = 5*z + 4*u. What are the prime factors of z?
5, 31
Suppose d = -2*q + 5, -2*q - 15 = -4*d - 5*q. Let t(s) = 306*s + 81. List the prime factors of t(d).
3, 37
Suppose -10 + 12 = g. Suppose 4*b - 7240 = -g*w, -4*w - 3630 = -b - b. What are the prime factors of b?
1811
Suppose -52*t - 17760 = -68*t. Suppose 4*p - 4390 - t = 0. What are the prime factors of p?
5, 11
Let w(k) = -10*k**3 - 3*k**2 + 21*k - 128. Let x(j) = 9*j**3 + j**2 - 20*j + 125. Let f(u) = 6*w(u) + 7*x(u). List the prime factors of f(8).
827
Let o(m) be the first derivative of 13*m**3/3 - 17*m**2/2 + 18*m + 29. List the prime factors of o(-8).
2, 17, 29
Let o(n) = 105*n**2 - 74*n + 859. List the prime factors of o(10).
7, 37, 41
Let u(q) = -791*q - 1062. What are the prime factors of u(-14)?
2, 2503
Let q(b) = b**3 - b**2 - 4*b + 7408. List the prime factors of q(0).
2, 463
Let i = 8654 - 6188. List the prime factors of i.
2, 3, 137
Suppose r + 14 = 3*r. Let q(l) = 33*l + 11. Let x be q(r). Suppose x = 5*g + 102. List the prime factors of g.
2, 7
Suppose -4*x + 97323 + 370437 = 11*x. What are the prime factors of x?
2, 1949
Let l(d) = 29*d - 281. Let g(c) = c + 1. Let a(i) = 4*g(i) - l(i). List the prime factors of a(-5).
2, 5, 41
Suppose -28 = -5*x + 3*n + 6, 2*x + 3*n = 1. Suppose -5*l + 67 = 4*t - 2385, 3*l - 1486 = x*t. List the prime factors of l.
2, 3, 41
Let g(m) = -10*m + 2. Let b be g(-6). Let s = 63 + b. Suppose 4*u - 3*f - s - 125 = 0, -2 = -f. List the prime factors of u.
2
Let t be 35/(-2)*3/15*-2. Let b(s) = 78*s + 95. What are the prime factors of b(t)?
641
Let s(t) = t**2 - 6*t - 6. Let y be s(7). Let l be ((-1)/3)/(y/(-255)). What are the prime factors of l - 1/((-2)/8)?
89
Let o(x) = 9*x**2 - 11*x + 4 + 6 + 1 - 3*x**2. Let n(i) = -5*i**2 + 11*i - 12. Let z(c) = -4*n(c) - 3*o(c). List the prime factors of z(8).
5, 11
Let s be 3 + 0/(15/(-3)). Suppose -g = g + s*g. Suppose 0*w + 7*w - 1015 = g. List the prime factors of w.
5, 29
Suppose 96 = 182*y - 170*y. Suppose y*t - 1330 = -2*t. List the prime factors of t.
7, 19
Suppose 4*o = 5*k - 31660, -5*o + 401 = 2*k - 12263. Suppose 5*u = -1322 + k. What are the prime factors of u?
2, 3, 167
Let a(x) = 3 - 5 + 109*x**3 - 85*x**3. What are the prime factors of a(2)?
2, 5, 19
Let p be 56/(-196)*21/(-2). Suppose 0 = 41*i - p*i - 11020. What are the prime factors of i?
2, 5, 29
Suppose 6*g - 10*g + 12 = 0. Suppose 5*w + 675 = i, 2*w = 4*i + g*w - 2784. List the prime factors of i.
5, 139
Let u = -268 + 272. Suppose -u*c - 1225 = -5*i, 3*i - 5*i = 5*c - 490. What are the prime factors of i?
5, 7
Let w = 44721 - 29925. Suppose 0 = r + 35*r - w. List the prime factors of r.
3, 137
List the prime factors of (17580/21)/((480/315)/16).
2, 3, 5, 293
Let u(y) = 12*y**2 + 4*y + 3. Let j be u(-1). Let n(r) = -2*r**2 + 25*r + 30. List the prime factors of n(j).
3, 7
Let n = 14340 + -3553. What are the prime factors of n?
7, 23, 67
Let l = -209 + 368. Let x = 253 - l. What are the prime factors of x?
2, 47
Suppose 29*o - 27*o + 16 = 0. Let m = o - -278. Suppose q + m = 7*q. What are the prime factors of q?
3, 5
Let z(f) = 79*f**2 - 7*f - 7. Let m(b) = -80*b**2 + 6*b + 6. Let g(d) = -5*m(d) - 4*z(d). List the prime factors of g(-1).
2, 3, 7
Suppose 5*y = 5*z + 23116 + 20659, -43781 = -5*y - z. List the prime factors of y.
2, 11, 199
Let h(g) = -2*g**2 - 12*g + 6. Suppose 29*r - 34*r = 30. Let s be h(r). Let u = s + -3. List the prime factors of u.
3
Let w(x) = 2 + 18*x - 16*x - 6 + 33*x**3. What are the prime factors of w(2)?
2, 3, 11
Let g = 1180 + 2498. What are the prime factors of g?
2, 3, 613
Suppose 179676 = 5*j + 33576. List the prime factors of j.
2, 3, 5, 487
Let x be ((-64)/(-3))/((-2)/48*-4). Suppose 4*a + 4*a = x. Suppose -a*i + 10*i = -456. What are the prime factors of i?
2, 19
Suppose d + 58844 = 3*w, -58846 = -3*w - 4*d + 3*d. List the prime factors of w.
5, 3923
Let g(h) = -2*h**2 + 2*h + 10. Let y be g(4). Let u = -8 - y. Let c(p) = -p**3 + 5*p**2 + 11*p. What are the prime factors of c(u)?
2, 3, 5
Suppose 0 = 157*h - 151*h - 24. Let k(v) = 4*v**3 - 4*v**2 + 2*v - 6. List the prime factors of k(h).
2, 97
Let z be (1/(-2))/((-4)/(240/(-3))). Let v(h) = 34*h + 50. Let y be v(z). Let p = y + 533. What are the prime factors of p?
3
What are the prime factors of 424940/12 - 44/(-33)?
7, 5059
Suppose 0 = -3*c + d + 71900 + 105708, -c = -4*d - 59221. What are the prime factors of c?
53, 1117
Let u(t) = -t**3 - 5*t**2 - 4*t - 12. Let n be u(-9). Let p = n - 207. What are the prime factors of p?
3, 47
Let p = 231 + -226. Suppose -p*o = -4*w + 828, w - 428 = -w - o. What are the prime factors of w?
2, 53
Let r = 439 - -6631. Suppose 26*d + 9*d - r = 0. What are the prime factors of d?
2, 101
Suppose 0 = -4*d + 69 + 187. Suppose -2*k - d + 1042 = 0. Suppose -5*j + k = -4*z, 4*z = -0*j - 4*j + 384. List the prime factors of j.
97
Let n = 1310 - 927. Let g = -142 + n. What are the prime factors of g?
241
Let f(o) = o**2 + 13*o + 4. Suppose -255 = 21*p + 60. What are the prime factors of f(p)?
2, 17
Suppose -78 = -8*f - 31*f. Let p = 7 - 1. Suppose p*z - 76 = f*z. List the prime factors of z.
19
Suppose 21 = -2*j + 5*z, 2 + 3 = z. Suppose -3*k = 12, 54 = -j*v - 5*k + 46. What are the prime factors of v?
2, 3
Suppose -4*t - 5488 = -4*y, 2*t + 1543 = y + 175. List the prime factors of y.
2, 43
Suppose 162711 = 5*p - m, 14*p - 19*p + 5*m + 162695 = 0. What are the prime factors of p?
7, 4649
Suppose 5*g - 106341 = -s, -3*s - 2 = -5*s. What are the prime factors of g?
2, 13, 409
Let k be -1 + (1 - 25/(-5)). Suppose -2*x + 405 = 3*i - k*x, -4*i + 544 = -3*x. What are the prime factors of i?
139
Let z be ((0 - -5) + -6)/(4/(-1020)). Let r = z - -895. What are the prime factors of r?
2, 5, 23
Suppose 22690 = 28*z - 47282. Let i = z + -1133. List the prime factors of i.
2, 683
List the prime factors of ((-140767)/(-603))/(1/99).
11, 191
Let z(v) = 2*v**2 - 9*v + 70. Let l be z(19). Let b = l - 468. List the prime factors of b.
3, 17
Let u = 5801 - 422. List the prime factors of u.
3, 11, 163
Let o(m) = -m + 2*m**2 + 109 - m - 140. What are the prime factors of o(11)?
3, 7
Suppose 3*r + 25 = 5*s, 4*s - 5*r - 21 = 6*s. Suppose -s*w - 21*w = -11339. List the prime factors o